 - 5*a**2 - 6. Let l be x(5). Let o(c) be the second derivative of 3/2*c**2 + 0 + 1/20*c**5 + 1/2*c**4 + 1/2*c**3 - 46*c. Give o(l).
-15
Let w be -1*(1 - 1) + 1. Let k(g) = 10*g**3 - 5*g**2 + 5*g - 1. Let p(m) = m**3 - m**2 + m. Let c(q) = -k(q) + 5*p(q). Give c(w).
-4
Let o(n) = n - 74*n**2 - 39 + 70*n**2 + 41. Determine o(2).
-12
Let k(c) = -3*c**2 - 2*c - 4. Let l(a) = -3*a**2 - 3*a - 5. Let b(f) = -5*k(f) + 4*l(f). Let h be 45/25 - (-2)/10. Calculate b(h).
8
Let f(i) = -i + 4 + 3*i - 12*i**2 + 13*i**2. Suppose -4*o + 23 = 79. Let t = 10 + o. What is f(t)?
12
Let x(n) = -2*n + 20. Let z be x(8). Let p be ((-132)/(-22))/((-6)/z). Let h(o) = -2*o. Give h(p).
8
Suppose -4*z + 3*q - 3 = 0, 2*q = 2*z - 1 + 3. Let c(h) be the second derivative of -1/6*h**3 + h + 1/12*h**4 + 0 + 13/2*h**2. Determine c(z).
13
Let r(m) = 5 - 4*m + 5*m - 2*m. Let o(i) = -6*i**2 - 13*i - 12. Let c be o(-1). What is r(c)?
10
Let q = -297 + 296. Let v(s) = -5*s**2 - 3*s - 3. Calculate v(q).
-5
Let f(a) = 8*a**2 + 2*a - 5. Let w(n) = -15*n**2 - 3*n + 9. Let m(u) = -11*f(u) - 6*w(u). Determine m(3).
7
Let x(j) = 42*j + 1. Suppose 1 = 3*m - 2*y + 2, -5*y + 15 = 5*m. Give x(m).
43
Suppose -6*n + 11 + 1 = 0. Suppose n*w = 6 - 6. Let c(d) = 3*d**2 + 3*d + 19. Let m(g) = -5*g**2 - 5*g - 29. Let u(k) = 8*c(k) + 5*m(k). Give u(w).
7
Let u(y) = 6*y + 8. Let q(x) = -7*x - 7. Let d(n) = 5*q(n) + 6*u(n). Suppose 2*t - t + 2*i - 69 = 0, 4*i = -t + 67. Let p = t - 77. What is d(p)?
7
Let o(g) be the second derivative of 4*g**3/3 + 12*g**2 + 29*g - 5. Give o(-3).
0
Let n be 9/2 + 9/(-18). Let v(a) be the first derivative of -a**4/24 + a**3/6 - 2*a**2 - 7. Let u(j) be the second derivative of v(j). Give u(n).
-3
Let u(j) = -j**3 - 2*j**2 + 1. Suppose 11*p - 8*p - 51 = 0. Suppose p + 12 = y. Let o = -28 + y. What is u(o)?
-2
Let c(r) = -3*r + 9. Suppose -q - 4 + 5 = -3*b, 3*q = -4*b + 16. Calculate c(q).
-3
Let r(h) = 6 - h - 6. Suppose -6*m + 25*m + 57 = 0. Determine r(m).
3
Let t(a) = a**3 - a - 1. Let k(n) = -4*n**3 + 8*n**2 - 5*n + 3. Let x(o) = k(o) + 3*t(o). Let s be 66/10 + (-18)/(-45). Give x(s).
-7
Let t(q) = -q**3 + 3*q**2 + 11*q - 8. Let h be ((-80)/(-56))/(4/14). What is t(h)?
-3
Let p(g) = -g**2 + 2*g. Let r(b) = b**2 + 3*b + 2. Let v be (-4)/(-10) + 85/(-25). Let f be r(v). Give p(f).
0
Suppose g + 10 = 13. Suppose -g = -4*w + 5. Let j(a) = w*a - 4*a + a - 3*a**2 + 1. Calculate j(-2).
-9
Let q(x) = -x**2 - 7*x. Let r be q(-8). Let g(l) = -l**2 - 8*l + 9. Calculate g(r).
9
Let i = -14 + 11. Let k be i - (-5 + 2) - 2. Let f(a) = -a**3 - a**2 - 7*a + 4. Let o(d) = -2*d**3 - 2*d**2 - 15*d + 9. Let r(m) = -13*f(m) + 6*o(m). Give r(k).
-4
Let j(o) = -3*o**3 - 4*o**2 + 3*o - 4. Let t = -5 - 0. Let m(i) = -3*i**3 - 5*i**2 + 4*i - 5. Let l(g) = t*j(g) + 4*m(g). Let r = 4 + -3. Give l(r).
4
Let y(c) = 4*c**2 + 100*c + 0*c**2 - 100*c + 1. Suppose -4*s = -s - 3. What is y(s)?
5
Let f(t) = 100*t + 90*t - 194*t. Let y = -2 + 1. Determine f(y).
4
Let r(k) = 5*k + 53*k**2 + 173 - 81 - 85 - k**3 - 47*k**2. Let y be (-4)/(-16) + 19/4. Suppose -y - 2 = -h. Calculate r(h).
-7
Let k(b) be the second derivative of b**3/3 - b**2/2 - 72*b. Give k(-8).
-17
Let s(g) = -g**2 + 4*g - 7. Let t(z) = -1 + 4 - 2 + 0. Suppose -5*b = q - 18 + 1, 3*b - 6 = -2*q. Let h(m) = b*t(m) + s(m). Calculate h(2).
1
Let g = 216 + -208. Let i(m) = m**3 - 10*m**2 + 12*m - 3. Give i(g).
-35
Let s(f) = -7*f + 21*f + 5 + f**2 - 3*f - 10*f - 4*f. Give s(5).
15
Suppose 4*d + 0 = -16. Let j(s) = 15*s - 9. Let a(n) = 7*n - 4. Let b(z) = 13*a(z) - 6*j(z). Determine b(d).
-2
Let f(j) be the first derivative of -4*j**3/3 + 4*j**2 + 7*j - 37. Let l be f(-1). Let c(z) = z**3 + 6*z**2 + 6*z + 5. What is c(l)?
0
Let v(g) = 7*g. Let x(d) = -34*d + 1. Let t(u) = 11*v(u) + 2*x(u). Calculate t(-4).
-34
Suppose 0 = m - 8 + 6. Let a(p) = 5*p**2 + 4 + 2*p**2 - 2*p**m - 4*p**2 + 6*p. Suppose -z - 18 = 5*k - 0*k, 2*z = 4. Determine a(k).
-4
Let q(s) = -s**2 - 2*s - 2. Let d(z) = -3*z - 2*z**2 - 2*z + 2*z - 4. Let y(v) = -3*d(v) + 7*q(v). Let x = 554 + -557. Give y(x).
4
Let o be 2/(-4)*(-13 - 1)/7. Let m(c) = 2*c - 1. Determine m(o).
1
Let i be (34/8 - 1) + 2/(-8). Let v be -3 + i + (1 - 4) - -6. Let b(z) = z**3 - 7*z**2 + 5*z - 4. Determine b(v).
-25
Let p(k) = k**2 + k + 2. Suppose l - 16 = -4*l + 3*h, -5*h - 6 = 2*l. Give p(l).
8
Let r(i) = 3*i**2 + i. Suppose 5*h + 2*h - 21 = 0. Let u(c) = 7*c**2 + 5*c - 3*c - h*c**2 - 1. Let y(x) = 3*r(x) - 2*u(x). Calculate y(-3).
14
Suppose 0 = 4*f + 5*s + 2, 5*f - f = 2*s - 16. Let m(u) = -11*u - 14. Let d(a) = -9*a - 12. Let i(h) = 6*d(h) - 5*m(h). Calculate i(f).
-5
Let d(q) = -3*q**2 + 0*q**2 + 5*q + 6 + 4*q**2 + 0*q**2. Let h(x) = -2*x + 1. Let l be (-2)/(-8) - 22/(-8). Let j be h(l). Calculate d(j).
6
Let k(m) be the second derivative of -9*m**5/10 + m**3/3 + m**2/2 - 71*m. Determine k(-1).
17
Let u(z) = z - 25. Suppose -q - 3 = 0, -109*k + 108*k - 4*q = -3. What is u(k)?
-10
Let k(u) = 3*u + 9. Let h(o) = o**3 - o**2 - 1. Let j(c) = -5*c**3 - c**2 + 5*c - 8. Let p(i) = 4*h(i) + j(i). Let q be p(-6). Determine k(q).
-9
Let o(m) be the third derivative of -m**4/4 - m**3/6 - m**2. Let b(c) = c. Let g be b(-2). Give o(g).
11
Let j(o) = -o + 1. Suppose -1 + 4 = l. Suppose 3*r = 5*i - l, 1 = -r + 3*i + 2*i. Calculate j(r).
2
Let p be 60*(1/5 + 24/40). Let n = p + -44. Let c(f) = -2*f - 2. Calculate c(n).
-10
Let m(n) = 5*n - 4. Let a(s) = -9*s + 84. Let x be a(9). Give m(x).
11
Let q(v) = -v + 172 + v**2 - v + 4*v - 175. What is q(-4)?
5
Let q(t) = t - 5. Let k(w) = -w**2 + w + 36. Let j be k(-6). Give q(j).
-11
Let w(z) = z + 9. Let l be w(-4). Let v(x) = -2 + x + l + 0*x. Let t(a) = 6*a + 119. Let r be t(-21). Calculate v(r).
-4
Let k(a) = -5*a + 8 - 24*a**3 + 17 + 9*a**2 - 6*a + 23*a**3. What is k(8)?
1
Let u(d) = -d**2 - 3 - 9190*d - 1 + 9190*d. What is u(5)?
-29
Let k(l) = 5*l - 5 + 8 - 4 + l**2. Let y be (-56)/9 + (-17)/((-1836)/24). Determine k(y).
5
Let g(b) be the second derivative of -4/3*b**3 + 0 - b + 1/60*b**5 - 1/72*b**6 - 1/12*b**4 + 0*b**2. Let k(o) be the second derivative of g(o). What is k(2)?
-18
Let m = 15 + -39. Let k = -18 - m. Suppose -3*h + 12 = -3*j, 2*j = k*j. Let w(b) = -b**3 + 2*b**2 + 6*b - 5. Calculate w(h).
-13
Suppose -33*w + 61*w = 0. Let r(i) = i**2 - 6. Let h(g) = -2*g**2 + 12. Let k(u) = 3*h(u) + 5*r(u). What is k(w)?
6
Let m(q) be the second derivative of q**3/3 - 3*q**2 + 5*q. Let d = -1 + 3. Suppose 3*z - 3*p = 3, 5*p - d = 3*z + 3. Calculate m(z).
4
Suppose 19 = -5*c + 2*d - 19, 2*c + 28 = 4*d. Suppose 3*f = -4 - 11. Let s = c - f. Let q(a) = -13*a - 1. Determine q(s).
12
Let g = -1429 + 1430. Let z(d) = -9*d - 2. Determine z(g).
-11
Let k = 79 + -85. Let o(s) = -s**3 - 5*s**2 + 8*s + 10. Determine o(k).
-2
Let z(b) = -b**3 + 30*b**2 + 2. Let t be z(30). Let x(m) = m**3 - 3*m**2 + 3*m - 2. Determine x(t).
0
Suppose n = -5*o + 3*n + 55, -5*n = 3*o - 2. Let g(p) = p**2 - 5*p + 4. Give g(o).
40
Let c be (40/12)/((-12)/(-18)). Suppose 2*a + 2*d = -4, -3*d - 17 = -c*a + d. Let h(v) = -6*v - 1. Give h(a).
-7
Let f be (1/3)/((-2)/(-18)). Let l(m) = -m + 9 - f + 1 + 0*m. Calculate l(7).
0
Let g(o) be the third derivative of o**5/20 + 76*o**2. Suppose -2*v = -5*m - 17, -2*m = m + 9. Calculate g(v).
3
Let k(t) = 3*t + 4. Let y be k(0). Let m be 9/6*2 - 0. Let x(c) = 4 - y*c - 3*c + m*c + 5*c. Determine x(0).
4
Let x(h) = 20*h**3 - 15*h**2 - 29*h + 19. Let i(n) = 7*n**3 - 5*n**2 - 10*n + 7. Let m(j) = 17*i(j) - 6*x(j). Calculate m(6).
-7
Let t be -2*(-3 + 4 + 2 + -4). Let u(h) = -4*h**2 + 6*h - 3. What is u(t)?
-7
Let d(s) = -s + 6. Let z be (-12)/(-3*2/6*-1). Let n be -3 + (1/2)/((-2)/z). Determine d(n).
6
Let l(h) = 42*h**2 + 5*h - 78*h**2 + 6 + 37*h**2. Determine l(-5).
6
Suppose 2*g - 2*n - 6 = 4*g, -3*g = -5*n - 15. Let s(m) = m - 61. What is s(g)?
-61
Let t(q) = 3 + 71*q + 2*q**3 - 92*q + 19*q. Let y = -5 - -3. Let d = y - -4. Give t(d).
15
Let n be ((-26)/(-22))/(-1) - (-2)/11. Let d(m) = m**3 - m**2 - m + 1. Let x(b) = -2*b**3 - 4*b**2 - 3*b + 5. Let g(f) = 4*d(f) - x(f). Determine g(n).
-6
Let j(i) = -3*i + 2. Let k = -3 - -10. Let p = 9 - k. Let n(q) = -16*q + 11. Let g(r) = p*n(r) - 11*j(r). Determine g(-3).
-3
Let o(q) = -q**3 + 3*q**2 - 2*q + 5. Let w be 